
Let t = 4222 + -4159. Suppose 9*p = 4*p + 110. What is the remainder when t is divided by p?
19
What is the remainder when ((-6)/8)/(3/(-12)) is divided by 1/((-12 + 19)*2/42)?
0
Let o = 1 + 14. Let g(n) = 2*n**2 + n - 11. What is the remainder when g(5) is divided by o?
14
Let n = 48 - 27. What is the remainder when 164 is divided by n?
17
Let a(f) = -f**3 - 3*f**2 - 3*f + 3. Suppose -5*c = 5*l - 100, l + 3*c - 14 = -0*l. What is the remainder when a(-5) is divided by l?
22
What is the remainder when 2/(((-35)/(-112))/5) is divided by 2/2*5/1?
2
Calculate the remainder when 112 is divided by 0 + 4 + -5 - 84/(-2).
30
Suppose 96 = -8*r + 14*r. Calculate the remainder when 125 is divided by r.
13
Suppose -10 = 6*t + 32. What is the remainder when 4/t - 5/(175/(-2365)) is divided by 17?
16
Let i = 198 + -175. Calculate the remainder when 112 is divided by i.
20
Let j(s) = 27*s**3 + 2. Calculate the remainder when j(2) is divided by 6*9 + 22/22.
53
Let q(d) = -5*d - 4 - 9 + 0*d**2 + 12*d**2 + d**3. Calculate the remainder when q(-12) is divided by 24.
23
Let l be 2*-3*2/(-4). Let n be 6/(-27) - (-170)/(-45). Calculate the remainder when -3 - (-2 + l)*n is divided by 1.
0
Let p(m) = -4*m + 34. Suppose -2*s = -h + 3, 0 = 2*h + 2*h + 4*s - 36. What is the remainder when 17 is divided by p(h)?
5
What is the remainder when 85 is divided by ((-66)/(-27))/((-12)/(-108))?
19
Let j = -164 + 202. What is the remainder when 160 is divided by j?
8
Suppose -11*i + 9*i - 4*o = -20, 5*i - 32 = -o. What is the remainder when 15 is divided by i?
3
Suppose 3*u = -3*q - 99, 3*u - 21 + 91 = -2*q. Suppose -6*y = -2*y + 4*l + 44, 0 = l - 4. Let m = y - q. Calculate the remainder when 41 is divided by m.
13
Let c(u) = -u - 2. Let w be c(-9). Suppose 8*r = w*r + 16. Calculate the remainder when -2*(-2 - (-27)/(-2)) is divided by r.
15
Let p = -175 - -223. What is the remainder when 238 is divided by p?
46
Suppose -50*s = -52*s + 88. Let v = s + -36. What is the remainder when 15 is divided by v?
7
Let a(h) = 15*h - 32. Calculate the remainder when a(3) is divided by 12.
1
Suppose -21*f = -3*f - 162. Calculate the remainder when 23 is divided by f.
5
Let d be 6/9 - (-200)/(-12). Let g(q) = -4*q**2 + 5*q**2 + 14*q - 18 + 5. What is the remainder when 72 is divided by g(d)?
15
Let p(q) = 8*q**2 + 47*q - 45. Calculate the remainder when p(6) is divided by 106.
101
Let w = -54 + 69. What is the remainder when 41 is divided by w?
11
Suppose -r = -2*z + 3, -2*z - 3*r - 22 + 5 = 0. Calculate the remainder when (1/2 + z)/((-7)/1162) is divided by 28.
27
Let z = 672 - 663. Calculate the remainder when (6/(-4))/((-1)/28) is divided by z.
6
Let s be (-245)/(-3) - 3/(-9). Let v = s - 21. Suppose 0 = -2*f + 5*f - 48. What is the remainder when v is divided by f?
13
Suppose 5 + 611 = 22*j. Calculate the remainder when j is divided by 24.
4
Let r be (-35)/30 - 1/(-6). Let s be (r + -4)*126/(-35). Suppose -2*p = 4 - s. What is the remainder when 18 is divided by p?
4
Calculate the remainder when 1 + -3 + (484 - 3) is divided by 20.
19
Let o(k) = -k**3 + 6*k**2 + 2*k - 18. Calculate the remainder when 356 is divided by o(3).
11
Let l(r) = r**2 + 4*r + 18. Suppose -m + 6*k = 2*k - 83, 296 = 4*m - 4*k. What is the remainder when m is divided by l(-4)?
17
Suppose -5*l - 3*t + 1439 = 0, -5*l + 8*t + 1453 = 4*t. What is the remainder when l is divided by 27?
19
Let a = -225 + 262. Calculate the remainder when a is divided by 2/(-6) - (-116)/6.
18
Let f be 0 + -1 - (-48)/16. Suppose 7 = f*h - 11. Suppose -5*i + 133 = -i + a, 0 = 3*i - 4*a - 95. What is the remainder when i is divided by h?
6
Suppose 119 = 7*n - 21. Let r(a) = a - 2. Calculate the remainder when n is divided by r(5).
2
Calculate the remainder when -2*(-4 - (-7 + 67)) is divided by 65.
63
Let x(d) = -d**3 - 11*d**2 - 26*d - 37. What is the remainder when x(-9) is divided by 9?
8
Suppose u - 3*a - 33 = 0, 29*a - 28*a = -5*u + 197. Calculate the remainder when u is divided by ((-1 + -9)*1)/(-1).
9
Let g be 180/(-22) - 26/(-143). Suppose 7 = -2*p - 19. Let f = g - p. What is the remainder when 8 is divided by f?
3
Let u(o) = 8*o**2 - 2*o - 12. Let w be u(-4). Suppose 7*f - 2 = w. Calculate the remainder when 33 is divided by f.
15
Let v = 25 - -5. Suppose -4*a - v = 210. Let i = a - -84. Calculate the remainder when 93 is divided by i.
21
Suppose 4*x = -2*k - 3*k + 101, -5*k = 3*x - 102. What is the remainder when (-6)/1 + 0 + 233 + -145 is divided by k?
19
Let n(t) = 36*t**2 - 5*t + 7. Let b(s) = -72*s**2 + 11*s - 15. Let p(g) = 6*b(g) + 13*n(g). What is the remainder when p(-1) is divided by 13?
10
Let n = -9 - -91. What is the remainder when 100 is divided by n?
18
What is the remainder when 21/42*(69 - -1) is divided by 7?
0
Let z = -307 + 324. What is the remainder when 232 is divided by z?
11
Let m = 249 - 223. Calculate the remainder when 50 is divided by m.
24
Let f = -10 + 14. Suppose -f*d + 27 = -21. Calculate the remainder when 44 is divided by d.
8
Let k(c) be the second derivative of 0 + 7/12*c**4 - 1/3*c**3 - 9/2*c**2 - 9*c + 1/20*c**5. What is the remainder when 13 is divided by k(-7)?
3
Let w = 178 - 120. Calculate the remainder when w is divided by 13.
6
Let c = 7 + 0. Suppose 3*u - c*u = 0. Let q(w) = w**3 + 18. What is the remainder when 35 is divided by q(u)?
17
Suppose 5*m + 4*t = -0*t + 124, -4*m + 93 = -3*t. Let x be (141 + 0)*6*(-3)/(-18). Let j = x - 71. What is the remainder when j is divided by m?
22
Let c = -23 + 17. Let p be (-164)/c + 20/(-15). Suppose a - 14 = -5*i, 0*i - 5*i = 4*a - p. What is the remainder when 14 is divided by a?
2
Suppose 80*k = 23*k + 1140. Calculate the remainder when k is divided by 11.
9
Let s(m) = 21*m - 63. Let c be s(10). Let b = c + -113. What is the remainder when b is divided by 12?
10
Suppose 104*s - 32*s = 1224. Calculate the remainder when 53 is divided by s.
2
Let u(p) = 78 - p**2 + 22*p - 16 + 2*p**2. What is the remainder when 70 is divided by u(-20)?
4
Let k be (6 + -11)*(0 - 3). Let c = 32 - k. Calculate the remainder when 49 is divided by c.
15
Calculate the remainder when 6/(-33) + ((-51320)/(-88) - 6) is divided by 29.
26
Let a = 1401 + -1393. Calculate the remainder when 147 is divided by a.
3
Let p(n) = 2*n**2 - 10*n + 10. Suppose 17*d + 92 = 21*d. Calculate the remainder when p(10) is divided by d.
18
Suppose 4*t - 16 = -2*n, 3*n = -n + 8. Suppose x = -4*r + 10, 8*r - 3*r - 65 = -t*x. Let s = x - 26. What is the remainder when s is divided by 2?
0
Let u = 545 - 502. Calculate the remainder when 99 is divided by u.
13
Suppose 28*y = 24*y + 48. Let m = y - 2. Calculate the remainder when 47 is divided by m.
7
Suppose -j + 2*j - 32 = 0. Let c = j + -26. What is the remainder when 17 is divided by c?
5
Let v = -27 - -27. Suppose -3*u = a - 14, 4*u + 18 = -v*a + 2*a. What is the remainder when a is divided by ((-4)/6)/((-1)/6)?
3
Let d(w) be the first derivative of 6*w**2 - 5*w - 12. Calculate the remainder when 92 is divided by d(3).
30
Let b(x) = -x**2 + 9*x - 5. Suppose -3*d + 1 = 4. Let t = 3 - d. What is the remainder when t is divided by b(8)?
1
Let o = -43 + 63. Let d(c) = -2*c**3 - 31*c**2 - 55*c + 4. Calculate the remainder when o is divided by d(-2).
2
Suppose m - 60 = -3*b, 45 = 2*b - 0*m - m. Let v = 11 - 8. Suppose 0 = 5*d + 3*i - 34, -2*d - 5*i + v = -3. Calculate the remainder when b is divided by d.
5
Suppose 3*b = -2*b - k + 60, b + 4*k = 12. Suppose 0 = s - b + 1. What is the remainder when 6/16*2*28 is divided by s?
10
Suppose 0*n + n = -85. Let j = -15 - n. Suppose j = 2*r + 4*p, 0*p - 4*p - 161 = -5*r. What is the remainder when r is divided by 18?
15
Suppose 89 = 4*c - 3*v, 291*c = 293*c - 3*v - 49. What is the remainder when 142 is divided by c?
2
Let w = -82 + 342. What is the remainder when w is divided by 38?
32
Let a be (-6 + 6)*(-1 - 0). Suppose 2*d + 16 + 0 = a. Calculate the remainder when 17 is divided by (-39)/(-52) - 74/d.
7
Suppose -4*w - 4 = -2*w. Let x = -31 + 44. What is the remainder when 194/8 + w/8 is divided by x?
11
Suppose -3*i + 11*p = 16*p - 112, 3*p = -3. What is the remainder when i is divided by 29?
10
Suppose 4*s = 4*o + 144, 5*o - 52 + 1 = -2*s. Calculate the remainder when 92 is divided by s.
26
Let k(d) = 